 a - 1. Let d(o) = -h(o) + z(o). Let v be d(-10). What is the highest common factor of 45 and v?
9
Let m = -30 - -10. Let u = m - -97. What is the highest common divisor of 7 and u?
7
Let g be (-8)/(-5)*(-25)/(-2). Calculate the highest common divisor of 40 and g.
20
Suppose 0*u + u - 16 = 0. Let w be 1/(-4) - 92/u. Let a(m) = -m + 3. Let p be a(w). Calculate the greatest common divisor of p and 9.
9
Let a = -9 - -9. Suppose s - 14 = -a*s. Calculate the highest common divisor of 14 and s.
14
Suppose -4*p - 6 = -18, -4*p = 3*x - 42. Let c be 6/4*(-40)/(-6). What is the greatest common divisor of c and x?
10
Suppose -3*y + 0*y = 4*b - 14, -2*b = 5*y. Suppose 0 = 4*n - 2*r - 166, 10 = -b*r + 3*r. What is the highest common factor of 13 and n?
13
Let z be (-111)/(-2) + (-2)/(-4). Suppose -4*j - 5 = y, -5*y - 2*j = -5 + 12. Let s be (-2 + 23)/3 - y. Calculate the highest common divisor of s and z.
8
Let i(j) = 5*j - 1. Let y(z) = -4*z + 2. Let d(q) = -2*i(q) - 3*y(q). Let t be d(3). Suppose 0 = -h + t*h - 28. What is the highest common divisor of 4 and h?
4
Let x be (-10)/(-5) - 10/2. Let q be (x - (-2)/(-1))*-19. What is the highest common divisor of 19 and q?
19
Let c = 9 + -7. Suppose -c*h - 13 = -83. Calculate the highest common factor of h and 7.
7
Let l = -6 - 24. Let o be (-244)/l + 4/(-30). Calculate the highest common divisor of o and 56.
8
Suppose -7*d = -15*d + 120. Let s(h) = -h + 3. Let k be s(0). Calculate the greatest common factor of d and k.
3
Let n(d) = -8*d - 2. Let f be n(-1). What is the highest common factor of f and 6?
6
Let v(z) = 4*z**3 - 2 + 3*z**3 + z**2 - 6*z**3 - 2*z**3. Let k be v(-2). Calculate the highest common factor of 15 and k.
5
Suppose 4*g - 16 = -4*p, -2*g - 12 = -4*p - 4*g. Suppose 0*b = p*b - 112. What is the greatest common divisor of b and 14?
14
Suppose 3*g = -3*q - 5 + 56, 4*g = -q + 68. What is the highest common divisor of 187 and g?
17
Let n be (-22)/(-66) - (0 - 527/3). What is the greatest common divisor of 22 and n?
22
Let l = 33 + -17. Calculate the highest common factor of l and 24.
8
Let w(a) = a**3 - 22*a - 6*a**2 + 3*a**2 + 21*a - 4. Let t be w(4). Calculate the greatest common factor of 2 and t.
2
Let j be (48/56)/((-2)/14). Let v = j + 13. What is the highest common divisor of 35 and v?
7
Suppose -2*v + o = 2*v - 1, -4*v - 5*o = -19. Let w be (1 + 2)/(12/44). What is the highest common factor of v and w?
1
Let c = 1 - -1. Suppose -c*s - 92 = 3*s + u, 64 = -4*s - 4*u. Let b = 31 + s. Calculate the greatest common divisor of b and 12.
12
Suppose 4*z - 49 = -3*r - 0*z, 0 = 3*z - 12. What is the greatest common divisor of 55 and r?
11
Let k(b) = b - 4. Let z be k(8). Suppose -z*x + j + 56 = -2*j, 2*x = 4*j + 28. Calculate the greatest common factor of 2 and x.
2
Let j = -153 + 242. Suppose 0 = -w + 5, 5*g = g - 5*w + j. Suppose 2*f = 4*f - 8. Calculate the highest common factor of g and f.
4
Suppose 3*i + 5*d = i + 350, 3*i - 535 = -5*d. Calculate the highest common factor of i and 74.
37
Suppose 5*v - 24 = -3*b, -v = 4*b - 31 - 1. What is the greatest common factor of 4 and b?
4
Let x(j) = -9*j - 18. Let r be x(8). Let i = -27 - r. Suppose 9 = 2*z - 5. Calculate the highest common factor of z and i.
7
Let u be ((-48)/(-9))/((-10)/(-45)). What is the highest common divisor of 36 and u?
12
Suppose a = -4*i + 15, a - 4*a - 5*i = -31. Let o = a - -11. Suppose x - o = -x. Calculate the highest common divisor of x and 99.
9
Let h = 69 - 52. Calculate the highest common factor of 34 and h.
17
Let u = -15 + 31. Let w(a) = 3*a**2 - 3*a - 2. Let k be w(-2). What is the greatest common factor of u and k?
16
Let y be (-4)/(-10) - 952/(-70). Let r be 2*((-74)/(-4) + -1). What is the highest common divisor of y and r?
7
Let g be 167/6 + (-4)/(-24). What is the highest common divisor of 84 and g?
28
Let x be ((-2)/(-6))/((-3)/153). Let s = -13 - x. What is the highest common factor of 8 and s?
4
Suppose -5*b + 212 + 238 = 0. Suppose -3*v = c - 6 - 24, 4*v + 80 = 2*c. Calculate the greatest common factor of c and b.
18
Suppose 0 - 70 = -5*w. What is the highest common factor of 7 and w?
7
Let f be (-1 - -7)/(2/(-9)). Let j be (-4)/18 + (-2166)/f. Let p = 185 - j. What is the highest common factor of 15 and p?
15
Suppose 5*g - 36 = 2*g. Suppose 322 + 318 = 2*p. Let b = p + -224. Calculate the greatest common factor of b and g.
12
Let w be (-1 - (-1198)/13) + (-12)/78. What is the greatest common divisor of 26 and w?
13
Let k(n) = n**2 + 1. Let v be 64/28 - (-2)/(-7). Suppose -x - v*x = 0. Let s be k(x). What is the greatest common factor of s and 11?
1
Suppose -3*f - 18 = -u - 0*f, 3*u + 3*f = 30. Let s = -31 + 51. Let h = s - u. What is the greatest common divisor of h and 8?
8
Let q(b) = -24*b**3 - b**2 - 3*b - 1. Let n be q(-1). What is the highest common divisor of 5 and n?
5
Let l(m) = m**3 - 7*m**2 + 2*m - 10. Let p be l(7). Suppose -p*w + 92 = -116. What is the highest common factor of 13 and w?
13
Suppose -u - u + 4 = 0. Suppose -l + 3*p + 29 = 0, -3*p = -u - 1. Let c = l + -14. Calculate the greatest common divisor of c and 72.
18
Let u = 61 + -25. What is the greatest common factor of u and 9?
9
Suppose -6*v + 66 = -12. Calculate the greatest common factor of 39 and v.
13
Suppose -8 = -4*z - 0*z. Let l(a) = 32*a + 1. Let k be l(z). Let c(b) = b + 26. Let w be c(0). Calculate the greatest common divisor of w and k.
13
Let n = -4 + 27. Let o(w) = -255*w - 2. Let k be o(-1). Calculate the highest common divisor of k and n.
23
Let b = 12 + -10. Suppose 3*a - 423 - 24 = -3*s, -303 = -b*a - 3*s. Calculate the greatest common divisor of a and 18.
18
Let a(y) be the third derivative of y**5/60 - y**4/6 + 5*y**3/6 + 7*y**2. Let k be a(2). Calculate the greatest common divisor of 4 and k.
1
Let q(l) = 5*l - 7. Let h be q(4). Suppose -2*n = -3*n + 52. What is the highest common factor of h and n?
13
Let f be (-1 + -4)/((-130)/208). Suppose 5*o - 33 = 7. What is the greatest common factor of o and f?
8
Suppose 2*l - 41 = -3*j, 2*j - 2*l = 4*j - 30. Let c(g) = -3*g - 7. Suppose -z = -5*z - 24. Let s be c(z). What is the greatest common factor of s and j?
11
Suppose 54 = 5*g + m - 3*m, -2*g - 5*m + 39 = 0. What is the greatest common divisor of 72 and g?
12
Let m(g) = g**3 + 6*g**2 - 2. Let l be m(-6). Let q be 2*((-5)/l + -2). Let f be 12/(-8) - 9/(-2). Calculate the greatest common factor of f and q.
1
Suppose 2*o + 3*t = t + 40, -4*o + 3*t + 80 = 0. Suppose f = 6*f + o. Let h be 62/8 + 3/f. What is the highest common divisor of 35 and h?
7
Suppose -4*q = -3*q - 6. Calculate the highest common divisor of q and 3.
3
Suppose n - 13 = -o + 17, -3*n + 20 = o. Let i be 1110/80 - (-1)/8. What is the highest common factor of o and i?
7
Suppose 5*f - 132 = 4*m - 38, -5*m - 5 = 0. Calculate the greatest common factor of f and 45.
9
Let p(u) = -u + 105. Let n be p(0). Let c = 2 + -8. Let w(s) = 2*s**2 + 7*s - 9. Let v be w(c). Calculate the highest common divisor of v and n.
21
Suppose -3*r - 2*r = 4*n - 101, -4*r - 2*n = -76. Let s = r + -3. Let i be 4/(-10) - 1056/(-15). What is the highest common factor of i and s?
14
Suppose 0 = 3*b - 2 - 1. Let m(z) = 72*z. Let c be m(b). What is the greatest common factor of 9 and c?
9
Let p(k) = 7*k**3 + 7*k + 5. Let r(w) = -7*w**3 - 6*w - 4. Let j(a) = 4*p(a) + 5*r(a). Let d be j(-2). Calculate the greatest common factor of d and 12.
12
Suppose 0 = 2*v - 6*v - 4*n + 28, 0 = 4*v + n - 37. What is the highest common factor of v and 110?
10
Let l = -132 - -163. What is the greatest common factor of 93 and l?
31
Let l = 90 + -60. What is the highest common factor of 6 and l?
6
Let g = 2 - 0. Let o be 1/(1/(-3)) - -8. Let f = o - g. Calculate the greatest common divisor of f and 21.
3
Suppose 4*x + 0*x - 42 = 2*m, 2*m = 2*x - 20. Let b = x + -15. Let g be 3/(b - -1) - -11. What is the greatest common factor of g and 25?
5
Suppose -480 + 84 = -2*d. Suppose i = -i + d. Calculate the greatest common factor of i and 9.
9
Let w = 16 - 16. Let o = w - -5. What is the greatest common factor of o and 20?
5
Let q = 90 - 6. What is the greatest common divisor of 21 and q?
21
Let k = 5 + -3. Let b be (7 - -10) + (k - 1). Calculate the highest common factor of b and 144.
18
Suppose -4 = -2*w +